ctor of 3003572 and 3471?
1157
What is the highest common divisor of 2511 and 341?
31
Calculate the highest common divisor of 2816 and 22968.
88
What is the greatest common divisor of 14 and 8162?
14
Calculate the highest common divisor of 192346 and 198.
22
What is the greatest common divisor of 247203 and 99?
99
What is the highest common divisor of 51 and 1961409?
51
Calculate the greatest common factor of 38433 and 2553.
69
Calculate the highest common divisor of 20739 and 3345.
669
Calculate the greatest common factor of 8897 and 7954.
41
Calculate the highest common divisor of 397800 and 175.
25
Calculate the greatest common factor of 438 and 786.
6
Calculate the greatest common factor of 110061 and 210.
21
Calculate the highest common divisor of 51 and 2159.
17
What is the highest common divisor of 141 and 82109?
47
What is the highest common divisor of 6046 and 48?
2
What is the highest common divisor of 505 and 2185135?
505
Calculate the highest common factor of 1175 and 1675.
25
What is the highest common divisor of 6240 and 3185?
65
Calculate the greatest common factor of 672 and 294812.
28
Calculate the highest common divisor of 109593 and 486.
243
What is the highest common factor of 2940 and 10140?
60
Calculate the greatest common divisor of 2555 and 16730.
35
What is the highest common divisor of 4497830 and 10?
10
What is the greatest common divisor of 49946 and 44642?
442
Calculate the greatest common factor of 215 and 47085.
215
Calculate the highest common divisor of 13620 and 60.
60
What is the highest common divisor of 42980 and 6286?
14
Calculate the greatest common divisor of 2200 and 10.
10
Calculate the highest common factor of 11094921 and 9.
9
Calculate the highest common factor of 233 and 219253.
233
What is the highest common factor of 502 and 3768514?
502
What is the greatest common divisor of 41592 and 216?
24
What is the greatest common factor of 146 and 730?
146
What is the highest common factor of 13746 and 132957?
237
What is the greatest common divisor of 1053 and 1296?
81
Calculate the highest common divisor of 19615184 and 16.
16
What is the highest common divisor of 660 and 2845590?
330
What is the greatest common factor of 62825 and 700?
175
Calculate the highest common divisor of 1869 and 5271.
21
Calculate the greatest common factor of 210 and 29430.
30
Calculate the highest common factor of 7200 and 9.
9
Calculate the highest common factor of 228483 and 318.
159
Calculate the highest common factor of 5238 and 4374.
54
What is the highest common divisor of 6003 and 39123?
207
What is the greatest common divisor of 10296 and 822888?
792
What is the greatest common factor of 472466 and 46?
46
What is the highest common divisor of 216 and 5112072?
216
What is the highest common factor of 26505 and 28830?
465
What is the highest common divisor of 27577 and 981?
109
What is the greatest common factor of 690 and 659985?
345
Calculate the greatest common divisor of 160171 and 121.
11
What is the greatest common divisor of 22113 and 69849?
351
Calculate the highest common factor of 79 and 871133.
79
What is the highest common divisor of 653802 and 18?
6
What is the highest common factor of 60632 and 182?
26
Calculate the highest common factor of 105 and 2745.
15
What is the highest common divisor of 92010 and 2820?
30
Calculate the greatest common factor of 38021 and 1379.
197
Calculate the highest common factor of 16448 and 7967.
257
Calculate the greatest common factor of 74303 and 134.
67
What is the highest common factor of 1359 and 4941?
9
What is the highest common factor of 564 and 1632?
12
Calculate the greatest common divisor of 386122 and 22.
22
What is the greatest common factor of 30 and 542870?
10
What is the greatest common divisor of 31178 and 68?
34
What is the highest common factor of 12180 and 20230?
70
What is the highest common divisor of 1672 and 456?
152
What is the highest common divisor of 3792 and 6672?
48
What is the highest common divisor of 128 and 102848?
64
Calculate the greatest common divisor of 19 and 53997.
1
What is the greatest common factor of 268 and 1896502?
134
Calculate the greatest common factor of 5819 and 17336.
11
Calculate the greatest common factor of 39 and 45253.
13
What is the greatest common factor of 12075 and 3864?
483
What is the greatest common divisor of 42 and 322098?
42
Calculate the greatest common divisor of 436 and 575956.
436
Calculate the greatest common divisor of 4298586 and 222.
222
Calculate the greatest common divisor of 309402 and 18.
18
Calculate the greatest common divisor of 124498 and 22.
22
What is the highest common divisor of 53672 and 18?
2
What is the highest common divisor of 37436 and 1421?
49
What is the highest common factor of 207586 and 5362?
766
What is the greatest common divisor of 530800 and 800?
400
What is the highest common divisor of 15 and 30945?
15
What is the greatest common factor of 2115 and 127135?
235
What is the greatest common factor of 57753 and 243?
81
Calculate the highest common factor of 53970 and 414.
6
Calculate the greatest common divisor of 49032 and 7491.
681
What is the highest common factor of 1356 and 16?
4
What is the highest common divisor of 161 and 570101?
161
Calculate the greatest common divisor of 841 and 30015.
29
What is the greatest common divisor of 2412 and 335?
67
Calculate the greatest common divisor of 929662 and 3774.
1258
What is the greatest common divisor of 4061657 and 34?
17
What is the highest common divisor of 189382 and 92046?
1058
Calculate the greatest common divisor of 68569 and 59783.
191
Calculate the highest common divisor of 1240 and 12152.
248
Calculate the highest common divisor of 650 and 577395.
65
Calculate the greatest common factor of 153200 and 25.
25
Calculate the highest common factor of 559545 and 3504.
219
What is the greatest common divisor of 79230 and 760?
190
What is the highest common factor of 13632 and 4800?
192
Calculate the highest common factor of 11 and 279675.
11
What is the greatest common divisor of 202796 and 968?
484
What is the highest common divisor of 2248 and 1154348?
1124
Calculate the highest common factor of 2305106 and 23.
23
Calculate the highest common divisor of 20524 and 44.
4
Calculate the highest common factor of 13 and 118.
1
Calculate the highest common divisor of 14129 and 1562.
71
What is the highest common factor of 33222 and 3051?
339
Calculate the greatest common divisor of 37891 and 28.
7
What is the highest common divisor of 251303 and 26?
13
Calculate the greatest common factor of 7664252 and 1912.
956
Calculate the highest common divisor of 56 and 193067.
7
Calculate the highest common factor of 5636360 and 10.
10
Calculate the highest common factor of 2381358 and 1416.
354
What is the greatest common divisor of 62906 and 1278?
142
What is the greatest common factor of 23 and 142508?
23
Calculate the highest common factor of 1071 and 850221.
153
What is the greatest common factor of 340696 and 592?
296
What is the highest common divisor of 295077 and 205?
41
What is the greatest common divisor of 5249711 and 1151?
1151
What is the highest common factor of 222 and 347874?
222
What is the highest common factor of 1375 and 39105?
55
Calculate the greatest common factor of 213 and 213639.
213
Calculate the highest common divisor of 3856 and 10363.
241
Calculate the highest common divisor of 423909 and 999.
333
Calculate the greatest common divisor of 621 and 118818.
207
Calculate the greatest common factor of 3 and 31.
1
What is the greatest common factor of 22865 and 197715?
1345
Calculate the highest common divisor of 1072 and 6164.
268
What is the highest common factor of 1236 and 99?
3
What is the highest common divisor of 12 and 367842?
6
Calculate the highest common factor of 12675 and 3315.
195
Calculate the greatest common factor of 54253 and 1589.
227
Calculate the highest common factor of 1068 and 1044237.
267
What is the greatest common factor of 175015 and 425?
85
What is the highest common divisor of 102289 and 34?
17
What is the greatest common factor of 1183 and 168?
7
What is the highest common factor of 1573780 and 10?
10
Calculate the greatest common factor of 231977 and 4052.
1013
What is the hig